(-7 + 4 - -2)
7
Evaluate -1 - (1 + -1) - (-4 - -6).
-3
0 - 0 - (0 - -4)
-4
What is the value of -8 + 6 - (-2 - 0)?
0
What is -5 + (-21 + 20 - (1 + -3))?
-4
What is the value of -19 - (-2 + 4 + -15)?
-6
-9 + -1 + (-64 - -67)
-7
What is -1 + -4 - (-6 - (8 - 13))?
-4
What is (-5 - -3 - -4 - 1) + -1?
0
-2 + (3 - (-1 - -3))
-1
1 + -3 + (-27 - -21)
-8
Calculate -1 + 2 - (1 + -1 - 2).
3
What is the value of 2 - ((-7 - -5) + 3)?
1
Evaluate 4 - (-4 - (-5 + (-6 - -2))).
-1
What is 6 - (-1 + (7 - 3)) - 3?
0
Calculate -10 - 0 - (34 + -35).
-9
What is -3 - (1 - -5 - 6)?
-3
What is the value of -8 - -17 - 6 - (4 - 0)?
-1
4 + -8 - -1 - -8
5
Calculate 12 - 11 - (-1 + 4).
-2
Calculate 1 + 3 - (11 - 7).
0
Evaluate -32 - -35 - (7 + -1).
-3
Evaluate -3 + (3 + -8 - -9).
1
Calculate 2 + 0 - (30 - 21).
-7
What is the value of -1 + 6 - (-50 + 51)?
4
What is the value of 1 + (7 - (-7 + 7)) + -5?
3
Evaluate 3 + -1 + -3 + -4.
-5
Evaluate 5 + -5 - (-3 - 0).
3
Evaluate 0 + 5 + 75 + -86.
-6
What is the value of -8 + 2 + 4 + -3?
-5
Calculate (121 - 122) + -9 + 2 + -3.
-11
What is -7 + (20 - (-3 + 10))?
6
What is the value of 3 + 2 + (-5 - -4) - -1?
5
What is the value of -1 + (-4 - -4) + -3?
-4
1 + 1 + 4 + -7
-1
Evaluate (0 + 1 - 3) + -3.
-5
Calculate (2 - 5 - 3) + 3 - -2.
-1
What is (6 - 3) + (-5 - -7)?
5
What is the value of -27 - -26 - (0 - 0)?
-1
Calculate (-1 - -1 - -3) + -2 + -6.
-5
What is 11 - (-6 + (2 - -10)) - -1?
6
(-2 + 2 - 2) + 1 - 0
-1
What is the value of 5 + (-3 + 4 + -4 - -3)?
5
Evaluate (13 - (-4 + 10)) + -7.
0
What is (-15 - -4) + 10 + 2?
1
What is (-4 - -3 - 3 - 4) + 2?
-6
What is the value of -10 - (4 - 15 - -3)?
-2
Evaluate (-4 - -10) + (-3 + 2 - 7).
-2
-4 - (-6 + 3) - -6 - 2
3
Calculate 2 - (-12 - (-11 - -3)).
6
What is the value of 3 + -3 + 2 + -4?
-2
Calculate 1 - (0 - 1 - (-4 - -1)).
-1
-1 + 2 + 4 + -2
3
What is -6 + (-2 + 2 - -6)?
0
What is the value of 0 - (2 + (-4 - -4))?
-2
What is the value of 6 + -11 - (2 + -7)?
0
What is the value of 4 - (-4 + 11 + -1)?
-2
1 + (-3 - 0 - -2) - 5
-5
Calculate -2 - (0 - 2 - -4).
-4
What is the value of -6 - (4 - 8) - -5?
3
What is (-2 - -3) + (-5 - (2 - 2))?
-4
What is -2 + (11 - 5 - 1)?
3
13 + (-13 + 8 - 4)
4
What is 4 - (4 - (3 - -2))?
5
What is (-3 - (-2 - 3)) + (3 - 5)?
0
What is the value of (7 + -4 - 6) + 4?
1
What is the value of -4 + (-6 - (1 + -1) - -11)?
1
What is 0 - 7 - (9 + -9)?
-7
Calculate (-15 - -5) + 5 - -4.
-1
(3 - -2) + -4 - (1 + -3)
3
-1 + 4 + -2 + -2 + 3
2
Evaluate -1 + -9 + -14 + 16.
-8
-4 - (0 + -1 - 6)
3
-3 - -3 - 4 - -5 - 3
-2
Calculate -2 - (-5 + 3 + 3).
-3
Calculate (6 - 0) + 187 + -198.
-5
What is the value of -7 + -7 + 24 - 3?
7
What is the value of 1 - (0 + (6 - 8))?
3
Calculate -8 - (-5 - -6) - -10.
1
What is the value of -4 + (-8 - -4 - -8)?
0
What is 4 + -2 - (11 + -4 + -2)?
-3
(-6 - 0) + -2 + (18 - 1)
9
-109 + 112 - (-8 + 0 + 2)
9
Calculate -3 + 6 - ((-2 - -7) + 1).
-3
Calculate 4 + 2 + -11 + 5.
0
What is 3 - (-1 + 0) - 1?
3
What is the value of 3 - (-5 + 0 + 5)?
3
Evaluate 3 + -5 + (6 - 4).
0
Evaluate 1 + -11 - -6 - (-3 + 0).
-1
What is 11 - 4 - (-4 - -6)?
5
What is the value of -6 - (-30 - -32 - (1 + 5))?
-2
What is the value of 8 - ((4 - 5) + 3)?
6
2 + 1 + (-2 + -7 - -7)
1
Calculate -2 - (-8 - (-3 - -2)).
5
What is the value of -2 + 4 + (-3 - (-3 - 1))?
3
-12 + 19 + (3 - 10)
0
Calculate (6 - 4) + -1 + (1 - -3).
5
What is the value of 2 - 14 - (121 - 124)?
-9
What is -1 - ((9 - (1 - 4)) + -6)?
-7
Calculate 3 - (-1 + (-4 - (3 - 1))).
10
2 - (1 - (-3 + -2 + 5))
1
What is -1 - -2 - 1 - (12 - 10)?
-2
What is the value of -6 - (-2 + -3 + -2)?
1
Evaluate -4 + (-1 - 0 - (-1 - -1)).
-5
Evaluate 2 - 7 - (-2 - -2).
-5
What is -11 - (5 - 6 - 5)?
-5
What is -24 - -22 - (1 - 5)?
2
Calculate 4 + (-3 - 1) - (2 - 5).
3
What is the value of (-6 - 2 - -5) + (3 - 6)?
-6
0 + 2 + 0 + -4 + 3
1
Evaluate 3 - (-5 + (12 - 3)).
-1
0 - (6 + -7 + 4) - -5
2
Evaluate 1 + (7 - -8) + -10.
6
What is the value of -1 + -1 + (-2 - 3 - -7)?
0
3 + 0 - (-3 - (-9 - 1))
-4
Evaluate -5 - -1 - (-8 + 7) - -1.
-2
What is 14 - (30 - 12) - 4?
-8
Calculate -15 - (-14 + 12 + -13).
0
0 + (5 + -3 + 0 - 2)
0
Evaluate -8 - -7 - -9 - 2.
6
What is -1 + (0 - 2) - (-4 - 3)?
4
7 + (-4 - -17) + -13
7
What is 1 + 2 + -1 - (-3 - -2)?
3
What is the value of -2 + (-1 - -4) - (2 + -3)?
2
Calculate -1 - (1 + 4 + -3 - 3).
0
What is the value of -9 + (-6 + 16 - 4) + 6?
3
Evaluate 6 - -7 - (17 - 4).
0
What is the value of 4 + (-5 - -1) - 4?
-4
Calculate 8 + (0 - 5) + (6 - 2).
7
Calculate 7 + (-10 - -6 - 9).
-6
Evaluate (11 - 8) + 1 + -2.
2
Evaluate -4 + 9 - (5 - 3 - 1).
4
Evaluate -7 + (-5 - -8) - -5.
1
1 - (2 + 0 + 1) - -7
5
What is the value of (2 - (7 - 2)) + (18 - 11)?
4
Calculate -7 + (4 - 9) - (-7 + 0).
-5
Evaluate 5 + 2 + -7 + 3.
3
What is 0 - (-2 - (-4 + (-3 - -2)))?
-3
Calculate -1 + 1 + (15 - 13).
2
Evaluate -1 + -5 + 3 + 0.
-3
What is -8 + 10 + (1 - 5)?
-2
Evaluate (-6 - -3) + (1 - -3) - 1.
0
Calculate -42 + 55 + 0 + -7.
6
0 + 0 - (0 - 1)
1
(-4 - -2) + 2 - (92 + -92)
0
-4 + (3 + 7 - (-2 - -7))
1
What is the value of 5 + -1 + 8 + -14?
-2
What is 0 - (11 - (3 - -4) - 4)?
0
-8 - (-6 + 11) - -19
6
Evaluate -3 + (2 - (1 + -2 + 0)).
0
(4 - (2 + -6 - -4)) + -2
2
What is the value of (-4 - 0) + 6 + -2?
0
What is (5 - 1) + 3 - (0 - -3)?
4
What is (-5 - (3 + -4)) + 6?
2
1 + (-1 - (-3 + 4)) + 4
3
What is -17 - -19 - (-1 + 1)?
2
2 + 2 + 4 + -4 + 0
4
What is the value of -10 - (-6 - -4) - -5?
-3
What is the value of -7 + 0 + -1 - -3?
-5
What is -2 - (-1 - -1) - (9 + -18)?
7
Calculate (-7 - -7 - 8) + 6.
-2
Calculate 0 - (-12 + 10 + -6).
8
Calculate -2 - 2 - (2 + -4 + -7).
5
Evaluate 12 + (13 - 13) + -7.
5
What is the value of (5 - 0) + -40 + 40 - 12?
-7
Calculate 17 + -1 + -2 + -20.
-6
Evaluate (-5 - -5 - 3) + (-1 - -3).
-1
2 + -15 - (-1 + -6)
-6
What is the value of -2 + 0 + 4 + 0?
2
What is (-23 - -22 - (-2 - 0)) + -4?
-3
5 + -5 + (8 - 10)
-2
Evaluate 2 + (3 - 1 - 0).
4
Evaluate -12 + 12 + 3 + -1.
2
Evaluate (1 - (2 + -1)) + -3 + 1.
-2
What is 2 - (-13 + 8 + 12)?
-5
(-8 - (-9 + 10)) + 8
-1
What is the value of -5 - (4 + (-9 - 7))?
7
What is -36 - -11 - -13 - -8?
-4
Evaluate (-65 - -58) + (0 - (1 - 0)).
-8
1 - (7 + (-1 - -1) + -2)
-4
What is -7 + 1 + -4 + 11?
1
0 + 0 + -3 - (2 - 0)
-5
-4 - ((0 - -1) + 8 + -8)
-5
-1 + 3 - (-6 - (-2 + -7))
-1
What is the value of -6 + (1 + -5 - (5 + -9))?
-6
Evaluate (0 - -3) + -4 + 6.
5
14 + (1 - (8 + 4))
3
Calculate (2 - 1) + (17 + -13 - -1).
6
What is -1 + -1 + -6 + 6 - 2?
-4
What is (-4 - (0 - (6 - 2))) + 1?
1
What is the value of -1 - (6 - (0 + 2))?
-5
What is -1 + 4 + -1 + 3?
5
Calculate 0 + 0 + (1 - -4).
5
Calculate -1 + -11 + 2 + 5 + 3.
-2
Evaluate -11 - -14 - (4 - -1).
-2
Calculate -3 + 3 + -2 + (-3 - -1).
-4
What is the value of 9 + -19 - (2 - 8)?
-4
Calculate 19 + -20 + 7 + 2.
8
What is the value of -3 - ((1 - 2) + 1) - -1?
-2
What is the value of 5 + (4 - 10) + 5?
4
-4 + (-3 + -2 - -13)
4
What is -2 - (6 + -3 + 2 + -4)?
-3
Evaluate (-1 - -2) + (-6 - 0).
-5
(76 - 87) + 6 + -1
-6
-12 + 2 + (16 - 6)
0
What is -3 - (0 - ((-2 - -4) + -2))?
-3
Calculate -2 + -1 + -76 + 81 - 7.
-5
What is (0 - 0) + -8 + 13 + -7?
-2
6 + (3 - 2) + (-2 - 0)
5
(-7 - -1) + 9 + (4 - 9)
-2
Evaluate 10 + -5 + -3 - (0 - -5).
-3
Evaluate 3 + (0 - 0) - (3 + 3).
-3
What is -5 - (-20 + 19 - (-3 + 2))?
-5
What is 2 + -3 + (1 - 1) + 0?
-1
Calculate -1 - -3 - 0 - 2.
0
Evaluate -1 + 3 + -4 + -3 + 9.
4
What is the value of (7 - -1) + (-8 - (-6 + 6))?
0
Evaluate 30 - 18 - (-2 + (0 - -5)).
9
Evaluate 5 - 4 - (5 + -1).
-3
What is the value of 2 + -1 - -3 - (98 - 96)?
2
What is (-2 - 1) + (-2 - -9)?
4
Calculate 34 + -22 - (8 + -2 + 0).
6
What is the value of 6 + -3 - (9 + -5 - 0)?
-1
3 - (1 - (0 + -1 + -3))
-2
(2 - ((0 - 0) + 1)) + 4
5
Calculate (-6 - -2) + 10 + -7.
-1
Evaluate 4 + -8 + 1 - (-1 + 3).
-5
What is 4 + -11 + (-6 - -9)?
-4
What is the value of -17 - (-9 - 6) - (-1 - 3)?
2
What is 11 + 3 + (-16 - (-17 + 9))?
6
What is 2 - (8 - (0 + 1)) - -9?
4
Evaluate -2 - (-6 - 0) - 7.
-3
Calculate (-2 - -1) + (1 - 11) + 17.
6
0 - ((-1 - 3) + 1 + -3)
6
Evaluate 8 - (-8 + 3 - -12).
1
Evaluate 1 - -2 - (-2 - -2).
3
Calculate (-4 - -12) + -5 + 1 - 7.
-3
Evaluate -3 + (4 - 1) + (0 - -2).
2
(-54 - -46) + 0 + 9
1
What is (-1 - -3) + -5 + (-1 - -4)?
0
E